 4*t. List the prime factors of (1395/(-6) + -3)*k/(-9).
157
Let m be (-5 - -34 - 3) + -2. Suppose 21*f + 1783 = m*f - w, 0 = 4*f + 5*w - 2371. What are the prime factors of f?
2, 3, 11
Let t = 165 - 147. Suppose t*z - 903 = 1977. What are the prime factors of z?
2, 5
Suppose -2*u + 9 = -z + 155, 3*u = 4*z - 599. Let h = z - -12. List the prime factors of h.
2, 41
Let p be 8773/465 - 6/(-45). Let f(k) = -k**3 + 20*k**2 - 10*k + 67. List the prime factors of f(p).
2, 7, 17
Let f(w) = 2*w**2 - 3*w + 3. Let n be f(1). Let g(o) = o**2 - o. Let l be g(n). Suppose 2*j + l = 3*j. What are the prime factors of j?
2
Let c = -724 + 725. Let q(i) = 328*i**3 - i**2 + 5*i - 6. What are the prime factors of q(c)?
2, 163
What are the prime factors of 18258/10 - 8/(-40)?
2, 11, 83
Let f(s) = -s**3 + 38*s**2 + 3*s + 167. List the prime factors of f(19).
3, 787
Let q(t) = -t**3 - 20*t**2 - t - 24. Let o be q(-20). List the prime factors of 2*(378/o)/(-1).
3, 7
Let k = 237 - 245. List the prime factors of 1/((k/1424)/(-1)).
2, 89
Let s be (-1958)/(-4) + (27/(-6) - -3). Suppose 207 = -r + s. List the prime factors of r.
281
Suppose -12 = -2*j + 3*j. Let o be 2/(-30)*2 - 2561/2955. List the prime factors of ((9/(-6))/o)/(j/(-784)).
2, 7
Suppose 55 = 6*r + 1. What are the prime factors of ((-183)/9)/((-1)/r)?
3, 61
Let p(s) = s**2 - 10*s - 2. Let d(z) = z**3 - 2*z**2 - 3*z. Let i = 9 + -7. Let m be d(i). What are the prime factors of p(m)?
2, 47
Suppose -9*t + 4*t - 17 = 3*v, -3*t = -v - 1. What are the prime factors of -2 - (9 + v - 623 - -2)?
2, 307
Let b(w) = -w**3 - w**2 - w + 20. Let u be b(0). Let d = 17 - u. Let g(r) = -21*r - 3. What are the prime factors of g(d)?
2, 3, 5
Suppose 51*b - 48*b - 51003 = 0. List the prime factors of b.
3, 1889
Let y(o) = 2*o**2 + 13*o - 29. Let v be y(-13). Let d = v + -270. Let a = d + 255. What are the prime factors of a?
5
Let p = 2086 + -1325. List the prime factors of p.
761
Let u(d) = -d**3 + 20*d**2 + 16*d - 15. Suppose 28 = -5*b + 128. Let m be u(b). Let s = 433 - m. What are the prime factors of s?
2
Let v(f) = -48*f + 15. Let n be 9 + -10 + (2 - 7). List the prime factors of v(n).
3, 101
Suppose 23*g + 2 = 24*g. Let x be (-3)/(-1 - g) - -1. Suppose -x*f + 414 + 107 = 3*a, -3*f = 4*a - 693. What are the prime factors of a?
3, 59
Let s be 77724/42 - 6/(-14). Let t = -948 + s. What are the prime factors of t?
3, 7, 43
Suppose 0 = -2*g + 85*g - 33513 - 41353. List the prime factors of g.
2, 11, 41
Suppose -g + 1364 = 5*w, -g = -15 + 11. Let c = w + 229. What are the prime factors of c?
3, 167
Let u = 271 - 131. Let m = u - 133. What are the prime factors of m?
7
Suppose -94448 = -6*m - 21854. List the prime factors of m.
3, 37, 109
Let n be 16/(-24)*(-45)/6. Suppose -x - 8 = -n. List the prime factors of ((-963)/12)/x - (-9)/(-12).
2, 13
Let x(n) = 3*n**2 + 208*n - 366. List the prime factors of x(-77).
5, 281
Let i(g) = -12*g - 9. Let w(h) = -11*h - 8. Let s(v) = -6*i(v) + 5*w(v). Let o be s(9). List the prime factors of (38/(-19))/((-2)/o - 0).
167
Let p(c) = 34*c**2 + 4*c - 65. Let a be p(7). Let g = a + -234. What are the prime factors of g?
3, 5, 31
Let v = -41361 + 123307. What are the prime factors of v?
2, 40973
Let d = -205 + 199. What are the prime factors of (15/d + -2)/((-7)/56)?
2, 3
Let p be 22/6 - (-21)/63. Suppose 4*z = t - 370, p*t - z = t + 1165. Let x = t - 185. What are the prime factors of x?
5, 41
Let n(i) = -i**2 + 24*i + 46. Let a be n(-2). List the prime factors of (-15)/a + (-11088)/(-32).
349
Let u(p) = 59*p**2 - 17*p - 1. List the prime factors of u(4).
5, 7
Suppose -7660 = 57*m - 77*m. Let c = 788 + m. What are the prime factors of c?
1171
Let k = 1443 + -990. Let n = 1813 - k. What are the prime factors of n?
2, 5, 17
Let i(n) = -4*n**3 - 9*n**2 - 11*n + 23. Let t(q) = 21*q**3 + 47*q**2 + 56*q - 115. Let k(g) = 11*i(g) + 2*t(g). What are the prime factors of k(-9)?
13, 89
Suppose 0 = -3*t - 307 - 230. Let h = -50 - t. Suppose -2 = 5*q + 4*b - h, 3*b = -4*q + 102. What are the prime factors of q?
3
Let c(z) = 3*z**2 - 6*z - 15. Suppose 0 = 5*d + 73 + 32. Let v be (-6)/d + 40/7 + -1. What are the prime factors of c(v)?
2, 3, 5
Suppose -16*g - 632 = -2232. Let k = 75 + g. What are the prime factors of k?
5, 7
Let w(o) = -o + 3. Let m be w(6). Let x be ((-6)/7)/m + 19/7. Suppose 0 = 4*h - 5*r - 212, -x*h - r = -h - 92. List the prime factors of h.
2, 3
Suppose 861 = -9*m + 159. Let c = m - -76. List the prime factors of (-4)/8*362*-1 - c.
3, 61
List the prime factors of (15501 - 4)/(3/3).
15497
Let x = 2018 + -2307. Let l = -320 - -158. Let p = l - x. What are the prime factors of p?
127
Let d be 2678/39*3/(-2). Let r = 153 + d. List the prime factors of -4 + 1 + 0 + -4 + r.
43
List the prime factors of (-7 - -5) + 12893 + 2.
12893
Let o = -6212 + 4318. Let s = o - -2949. What are the prime factors of s?
5, 211
Let h = 1526 + 8053. What are the prime factors of h?
3, 31, 103
Suppose 3*r - 216 = -3*p, -87 = -p + r + 3*r. Let z = -246 + 277. Suppose -z*k + 26*k + p = 0. List the prime factors of k.
3, 5
Let b(m) = -7342*m**3 - m**2 - 218*m - 445. What are the prime factors of b(-2)?
7, 8389
Let c be (1/(5/88))/((-4)/(-10)). Let o = 13 + 32. Suppose o*p = c*p + 6. What are the prime factors of p?
2, 3
Suppose -5*u + 0 = -5*x + 15, -3*u = 2*x - 1. What are the prime factors of 2244/20 - x/10?
2, 7
Let y be -6 - -1 - 9/(27/2400). Let i = y + 1284. What are the prime factors of i?
479
Let o be (1 - 0) + 3/((-12)/(-256)). Let g = o + 30. Let z = g + -13. List the prime factors of z.
2, 41
Let s(d) = 7*d**3 - 15*d**2 + 36*d + 26. Let u(n) = -12*n**3 + 31*n**2 - 73*n - 53. Let v(t) = -7*s(t) - 4*u(t). What are the prime factors of v(-23)?
2, 613
Let x(i) = 1280*i**2 - i + 28. List the prime factors of x(4).
2, 11, 233
Suppose 9*r - 3*v = 8136, r - 6*r + 5*v = -4520. List the prime factors of r.
2, 113
Let l = -13652 + 21716. What are the prime factors of l?
2, 3, 7
Let m(t) = 81360*t**2 + 672*t + 672. List the prime factors of m(-1).
2, 3, 5, 113
List the prime factors of (-1915740)/(-252) - (0 - (-1)/7).
2, 3, 7, 181
Suppose -111986 = 3*n - 3*n - 2*n. List the prime factors of n.
7, 19, 421
Let h(u) = -2*u**3 + 27*u**2 + 30*u - 7. Suppose 35*k - 247 = 16*k. What are the prime factors of h(k)?
2, 3, 23
Suppose 2*s - 3*c - 22 = 0, 4*s - 2*c + 3*c = 16. Suppose -s*y + 0 + 15 = 0. Suppose y*d + 36 = 5*m + 520, -4*m = 20. What are the prime factors of d?
3, 17
Suppose -3*r + 6578 = -23*k + 21*k, 0 = 2*r + 2*k - 4392. Suppose 5*p = r + 846. List the prime factors of p.
2, 19
Suppose -399 = -10*d + 861. Suppose -2*j - j + d = 0. Let q = j - 13. What are the prime factors of q?
29
Suppose 110883 + 210338 = 64*o - 232763. List the prime factors of o.
2, 541
Let o(m) = -1042*m + 6528. List the prime factors of o(-55).
2, 59, 541
Let z(c) = 40*c**2 - c - 2. Suppose -2*b - 29 = -33. What are the prime factors of z(b)?
2, 3, 13
Let f(b) = -38*b**3 - b**2 - 4*b - 10. Let a be f(-2). What are the prime factors of a + (0 - 7 - -13)?
2, 19
List the prime factors of ((-11)/110*-15)/((42/(-3824))/(-7)).
2, 239
Suppose -40636 = -12*w - 40. List the prime factors of w.
17, 199
Suppose -4*b - 17 = -c + 10, 0 = c - b - 15. Suppose 7*l - 535 = -w + c*l, -w = -3*l - 533. List the prime factors of w.
17, 31
Let b be (4 - -5) + (1 + 1 - 2). Let y(r) = 11*r + 135. What are the prime factors of y(b)?
2, 3, 13
Suppose 3*b + 4*j = 12, 2*b - 16 = -4*j - 4. Suppose b = -4*d + h + 3709, h - 9 = -2*h. List the prime factors of d.
2, 29
Let z be (-8182)/(-4) + (-45)/90. Let i = z + -1113. What are the prime factors of i?
2, 233
Suppose -4*b - 15964 = -4*h, 51*b = -4*h + 49*b + 15976. What are the prime factors of h?
3, 11
Let l(d) = -2*d**3 - 2*d**2 + d + 1821. Let m be l(0). Suppose 0 = 4*a + g - m, 2875 = 5*a - 3*g + 586. List the prime factors of a.
2, 3, 19
Suppose -m - 38 = -2*i, 0*m = -3*i + 4*m + 52. Let z(v) = 24*v - 34. List the prime factors of z(i).
2, 223
Let g(a) = 8*a**2 + 68*a - 379. What are the prime factors of g(-51)?
7, 2423
Let g = -2 - -5. Suppose 0 = -g*b + b + 32. Suppose 4*v - 2*v - b = 0. What are the prime factors of v?
2
Let g(o) = -o**3 - 11*o**2 - 10*o + 5. Let z be g(-10). Suppose -z*b = 0, -4*b - 437 = 